- 301. What is l(-11)?
2295
Let n(x) = -13704*x - 109747. Determine n(-8).
-115
Let t(x) = 3*x**3 - 1779*x**2 + 28*x - 16607. What is t(593)?
-3
Let i(q) = -150*q + 469. Give i(6).
-431
Let j(p) = -1456*p - 6086. Determine j(-3).
-1718
Let l(p) = 869568*p - 19130487. Give l(22).
9
Let o(k) = -9*k**2 - 612*k - 5206. Give o(-10).
14
Let i(f) = 8*f**2 - 1319*f - 2162. Determine i(166).
-668
Let n(z) = -576*z - 19028. What is n(-33)?
-20
Let q(r) = r**3 + 382*r**2 + 10876*r - 136. Give q(-351).
1619
Let t(q) = -q**3 + 2*q**2 - 8707*q + 34854. Calculate t(4).
-6
Let w(u) = -4142*u**2 - 12421*u + 1. Calculate w(-3).
-14
Let q(s) = 3*s**2 + 678*s - 59957. What is q(68)?
19
Let q(a) = -8*a**3 + 24*a**2 + 387*a - 1405. What is q(4)?
15
Let v(p) = 5*p**3 + 3*p**2 - 843*p - 4291. Determine v(-5).
-626
Let n(d) = 64392*d - 17836587. Calculate n(277).
-3
Let w(a) = -9*a**3 - 44*a**2 + 417*a + 943. What is w(-2)?
5
Let a(z) = -65261*z + 4241954. Give a(65).
-11
Let z(r) = 675*r + 219357. Determine z(-325).
-18
Let c(j) = -15*j**2 + 6503*j - 375218. What is c(365)?
2
Let x(u) = 2*u**3 - 51*u**2 + 220*u - 3. Give x(5).
72
Let u(d) = 2*d**3 + 133*d**2 + 409*d + 5730. What is u(-64)?
34
Let m(g) = 18*g**2 + 67*g + 126. What is m(-2)?
64
Let q(g) = -g**2 + 8737*g - 209104. Determine q(24).
8
Let m(n) = -479*n + 61571. Give m(126).
1217
Let z(d) = 3*d**3 + 171*d**2 + 330*d + 5. Give z(-55).
5
Let g(r) = -126*r**2 - 1543*r - 17. Determine g(-12).
355
Let b(q) = -8*q**3 - 13*q**2 + 944*q - 2687. Give b(3).
-188
Let b(n) = 12*n**3 + 153*n**2 + 453*n - 23. Give b(-8).
1
Let j(c) = -c**2 + 11032*c + 14410186. Determine j(-1180).
26
Let h(c) = c**3 + 42*c**2 + 769*c + 29916. What is h(-41)?
68
Let w(n) = -6*n**3 - 827*n**2 - 2293*n + 174. Determine w(-135).
-96
Let o(s) = -247*s**2 - 587*s + 31. Determine o(-3).
-431
Let b(c) = 3*c**2 - 273*c - 5427. Calculate b(-19).
843
Let w(p) = -p**3 - 150*p**2 - 1520*p + 1247. What is w(-139)?
-4
Let m(f) = 2*f**3 + 195*f**2 + 90*f - 883. Calculate m(-97).
-204
Let k(b) = 28358*b - 18375994. What is k(648)?
-10
Let v(d) = 2*d**3 + 1160*d**2 + 1220*d + 35899. Give v(-579).
1
Let g(a) = -a**3 - 57*a**2 + 3*a + 1383. Calculate g(0).
1383
Let b(j) = j**3 + 36*j**2 + 187*j + 5303. Determine b(-35).
-17
Let n(d) = -3169*d - 66547. Give n(-21).
2
Let n(g) = -885*g**2 - 8875*g - 246. What is n(-10)?
4
Let b(a) = -7*a**2 - 922*a + 5069. Calculate b(-137).
0
Let x(z) = 138*z**2 + 23598*z - 83. Determine x(-171).
-83
Let h(s) = -8*s**3 + 85*s**2 + 1230*s - 13164. Calculate h(11).
3
Let m(c) = 2*c**3 + 98*c**2 + 140*c + 2097. Calculate m(-48).
-15
Let f(r) = -54*r**2 + 7467*r - 22366. Give f(3).
-451
Let g(n) = -n**2 + 2642*n + 52. Calculate g(0).
52
Let h(a) = a**3 + 36*a**2 - 616*a + 1193. Calculate h(-49).
164
Let x(l) = -764*l - 8571. Give x(-10).
-931
Let r(w) = -923*w + 11530. Give r(12).
454
Let u(b) = -b**2 + 64602*b + 1033894. What is u(-16)?
6
Let g(a) = 117237*a - 4455003. What is g(38)?
3
Let g(d) = 6*d**3 + 186*d**2 - 138*d - 4266. Calculate g(-31).
12
Let u(b) = 3391*b**2 + 57703*b + 931. Give u(-17).
-21
Let t(g) = -4*g**3 - 39*g**2 - 127*g - 1120. Determine t(-9).
-220
Let b(j) = 249749*j - 16483437. Give b(66).
-3
Let a(l) = 2*l**3 - 859*l**2 + 4673*l - 3325. Calculate a(424).
491
Let m(b) = -8*b**2 + 278*b - 1864. Calculate m(9).
-10
Let l(w) = 5*w**3 + 78*w**2 - 28*w - 633. Determine l(-14).
1327
Let p(y) = 15*y**2 + 1373*y - 2741. Calculate p(2).
65
Let j(n) = -19637*n - 19892273. Give j(-1013).
8
Let y(m) = -7506*m + 144434. What is y(19)?
1820
Let l(k) = -2*k**2 - 196*k + 21245. What is l(66)?
-403
Let u(z) = z**3 + 59*z**2 - 805*z - 8. Calculate u(0).
-8
Let j(h) = -68*h**2 + 3550*h - 12. Determine j(52).
716
Let g(q) = 87*q**2 + 428*q - 1. Calculate g(-5).
34
Let m(d) = 151*d - 2190. What is m(20)?
830
Let m(n) = 40*n**2 - 1000*n + 3008. Determine m(3).
368
Let f(p) = -472*p**3 + 34926*p**2 + 149*p - 223. Give f(74).
-149
Let g(a) = 28*a**2 - 1343*a - 26490. Give g(63).
33
Let x(t) = -7177*t - 63608. Give x(-9).
985
Let s(n) = n**3 - 36*n**2 + 208*n - 4620. What is s(37)?
4445
Let g(b) = 14*b**2 + 2623*b - 4508. Calculate g(-189).
-161
Let b(q) = 24*q**3 - 4*q**2 + 46*q - 77. Calculate b(2).
191
Let b(i) = -i**3 + 87*i**2 - 500*i + 13806. Calculate b(83).
-138
Let a(q) = -q**3 - 17*q**2 - 312*q - 2376. Determine a(-10).
44
Let b(s) = -333*s**2 - 67266*s + 85. Give b(-202).
85
Let u(q) = -26*q**3 - 68*q**2 - 64*q + 6. What is u(-5)?
1876
Let o(p) = p**3 - 24*p**2 + 118*p + 237. Calculate o(13).
-88
Let d(g) = 1800*g - 824394. What is d(458)?
6
Let z(y) = -29*y**3 - 85*y**2 + 189*y - 32. Give z(2).
-226
Let a(k) = -2*k**3 + 924*k**2 - 1840*k. Give a(460).
0
Let u(f) = -113*f - 9226. What is u(-82)?
40
Let s(v) = 3144*v - 1691440. Determine s(538).
32
Let p(n) = 26*n**3 - 29*n**2 + 7. Determine p(4).
1207
Let l(x) = 1625*x + 73141. Calculate l(-45).
16
Let g(x) = -33*x**2 - 1708*x + 353. Determine g(-52).
-63
Let l(k) = -4*k**2 - 1055*k - 30494. Give l(-33).
-35
Let f(d) = -57768*d - 3235074. Give f(-56).
-66
Let j(a) = 3017*a - 9008. What is j(3)?
43
Let t(l) = -l**2 + 176*l - 6907. Give t(109).
396
Let m(n) = 68*n**2 - 1288*n + 2580. Give m(2).
276
Let y(c) = 2*c**3 - 55*c**2 + 356*c - 2497. What is y(22)?
11
Let k(p) = 580*p + 19069. Determine k(-33).
-71
Let a(x) = x**3 - 150*x**2 + 127*x + 3367. Determine a(149).
89
Let j(m) = -177*m + 21864. Determine j(125).
-261
Let p(q) = -3488*q - 753402. Determine p(-216).
6
Let u(x) = 1563*x + 95360. What is u(-61)?
17
Let q(u) = 7*u**2 - 190*u + 518. What is q(3)?
11
Let l(a) = 17*a**2 + 3293*a + 2242. What is l(-193)?
-74
Let x(m) = -20*m**3 + m**2 - 20*m - 107. Give x(-4).
1269
Let m(z) = z**2 + 182*z - 16536. Calculate m(74).
2408
Let c(q) = q**3 + 18*q**2 - 608*q - 6909. Calculate c(-10).
-29
Let g(n) = -57*n**3 + 53*n**2 + 38*n - 13. What is g(-1)?
59
Let l(q) = -q**2 - 52*q + 1018. Calculate l(-67).
13
Let g(u) = 2*u**3 - 32*u**2 + 159*u - 179. Give g(3).
64
Let m(k) = -8*k**2 + 350*k - 157. What is m(43)?
101
Let r(z) = -789*z**3 - 23*z**2 - z - 2. Give r(-1).
765
Let d(a) = -9*a**2 + 160*a + 6882. What is d(38)?
-34
Let x(b) = -70709*b - 5161762. Give x(-73).
-5
Let h(u) = -u**3 - 358*u**2 + 11223*u + 9. Calculate h(29).
9
Let b(r) = -9*r**3 + 707*r**2 + 5378*r - 15. Give b(-7).
69
Let s(i) = -i**2 + 222*i - 4062. Determine s(20).
-22
Let p(q) = -3*q**2 - 32*q + 7782. Determine p(46).
-38
Let r(w) = 1252*w - 12397. Calculate r(11).
1375
Let o(t) = -19*t + 1093. Determine o(50).
143
Let q(r) = -476*r + 150887. Calculate q(317).
-5
Let l(x) = -124*x**2 - 66566*x + 11817. Determine l(-537).
3
Let r(t) = -25*t**2 - 197*t + 8. What is r(-5)?
368
Let j(c) = -2*c**3 - 92*c**2 - 208*c + 408. Give j(-44).
1816
Let b(w) = -90*w**2 - 1707*w - 35. What is b(-19)?
-92
Let u(b) = 2*b**3 + 53*b**2 - 8*b + 510. Give u(-27).
-3
Let f(b) = 12772*b - 2017945. Determine f(158).
31
Let b(s) = 4*s**3 + 11*s**2 - 25*s - 74. Determine b(-5).
-174
Let w(d) = -d**3 - 423*d**2 - 12167*d - 5784. Calculate w(-392).
96
Let n(f) = -953*f - 1322. Calculate n(-2).
584
Let i(t) = t**2 - 27*t + 188. What is i(7)?
48
Let v(g) = -318715*g - 2868429. What is v(-9)?
6
Let n(k) = 2*k**2 + 688*k + 53692. What is n(-224)?
-68
Let r(m) = 252941*m - 9358816. Give r(37).
1
Let g(o) = -7722*o - 231679. Give g(-30).
-19
Let g(v) = -2407*v - 9631. Give g(-4).
-3
Let c(f) = -f**3 - 30*f**2 + 166*f - 109. Give c(-33).
-2320
Let v(m) = 5332*m + 79605. Determine v(-15).
-375
Let p(i) = -3096*i - 24774. What is p(-8)?
-6
Let p(a) = -5*a**3 - 230*a**2 - 1791*a + 61. Give p(-10).
-29
Let y(j) = 29146*j - 18. Give y(0).
-18
Let t(a) = 5*a**2 - 6881*a + 48196. Determine t(7).
274
Let u(h) = 47*h**3 - 39242*h**2 - 2504*h - 845. Calculate u(835).
-10
Let y(i) = i**2 + 94*i - 13255. Determine y(81).
920
Let x(p) = -848*p - 12567. Give x(-15).
153
Let i(w) = 3*w**2 - 204*w + 3184. Determine i(43).
-41
Let p(y) = 377*y + 71658. Give p(-191).
-349
Let x(j) = 55*j + 3356. Determine x(-58).
166
Let l(u) = u**3 + 40*u**2 - 1392*u + 221. Give l(23).
1532
Let c(x) = -x**3 - 462*x**2 - 166*x + 135845. Give c(-461).
-150
Let x(n) = -9028*n - 72205. Calculate x(-8).
19
Let p(r) = 133*r + 1096. Determine p(-12).
-500
Let g(x) = 18*x